s y(-4) composite?
False
Let p(g) = -7*g**2 - 11*g + 8. Let a(v) = v**2 + v - 1. Let u(w) = -6*a(w) - p(w). Is u(-8) composite?
True
Let w = 6 - 1. Suppose -4*j - j - 280 = -w*u, -2*u + 116 = -j. Suppose 3*n = u - 18. Is n prime?
False
Let s be -5 + 1/((-1)/(-2)). Let y = 5 + s. Is -3*y/(-6)*19 a composite number?
False
Let i = -5 + 8. Suppose 2*u = 4*b - 78, i*u = 7*b - 3*b - 79. Is b composite?
False
Suppose 2 = -3*r - 7. Is 465/(-5)*1/r a prime number?
True
Let k(u) = -u. Let w be k(-2). Suppose 0 = w*i + 3*b - 9, 4*b = -3*i - b + 15. Suppose i = -q + 5*q - 220. Is q a composite number?
True
Let p be (-4)/(-6)*(-75)/(-2). Suppose 0 = 3*g - 41 - p. Let n = g + -8. Is n composite?
True
Suppose -220 = -2*t - 32. Is t a composite number?
True
Is (-3 + 861/(-6))*-2 a prime number?
True
Suppose o - 13 = -3*x, 1 = -3*x + o + 24. Let y = 124 - x. Is y a composite number?
True
Suppose k + 1 = 3. Suppose -4*t + 6 = -k*t. Suppose -s - t*s + 204 = 0. Is s a composite number?
True
Let b = 629 - 72. Is b a composite number?
False
Suppose v + 4*v = 40. Let m(k) = -k**3 + 9*k**2 - 6*k - 11. Let q be m(v). Suppose q*n - 6*n + 157 = 0. Is n composite?
False
Suppose -5*x = -8017 - 4698. Is x prime?
True
Let f = 552 - 251. Is f a prime number?
False
Let l(d) = d**2 + 253. Suppose -3*k = -0*k. Is l(k) a composite number?
True
Let x(b) be the third derivative of -3*b**4/4 + 5*b**3/6 - 2*b**2. Is x(-4) a prime number?
False
Let z(h) = -h**2 + 6*h - 6. Let g be z(4). Suppose 0 = -3*i + 3*j + 156, -i + 181 = g*i + 2*j. Is i composite?
True
Let q(m) = -4*m**2 + 0*m**2 + 6 + 5*m**2 - 6*m. Let j(d) = -d**3 - 9*d**2 - 8*d + 6. Let s be j(-8). Is q(s) a composite number?
True
Let b(s) = s**3 + s**2 + s + 1. Let x be b(-1). Is (x + 3)/3*67 a composite number?
False
Let m be (-20)/6*18/(-15). Let r = m + 1. Suppose 0 = 4*t - l - 74, -t - r*l + 15 = -14. Is t a prime number?
True
Let g be 1/4 - 2300/(-16). Suppose -5*k = -4*d + 132, -4*d + 2*k = -0*k - g. Is d composite?
True
Suppose -10 = -5*q - 5*i, -4*q = -q - 4*i - 6. Let y be (q*-5)/1 - 2. Let n = y - -37. Is n a composite number?
True
Let n = 67 + -47. Suppose -n = -0*a - 4*a. Suppose -k + a = -1. Is k a prime number?
False
Let r(i) = 3*i**2 + 5*i + 3. Let s be r(-6). Suppose 0 = -2*c + p + 165 + 11, 4*p = c - s. Is c composite?
False
Let v(h) = -h**3 + 8*h**2 - 8*h + 9. Let c be v(7). Suppose 3*j - 345 = -c*j. Is j composite?
True
Let i = -379 - -143. Is 1/(-5) - i/5 composite?
False
Let o(x) = x**3 - 3*x**2 - 7*x + 6. Let s be o(4). Let d(r) = r**3 + 9*r**2 + 4*r + 1. Is d(s) composite?
True
Suppose 0 = 4*b - 2*b + 14. Let u(y) = y**3 + 8*y**2 + 6*y - 5. Let d be u(b). Is (6 - 1)/(d/4) composite?
True
Suppose 4*g - 174 = -2*a, -3*a - 4*g + 253 = -0*g. Is a composite?
False
Let r(x) = 25*x + 2. Is r(3) a composite number?
True
Let y(c) = c. Let g(h) = -13*h + 4. Let t(k) = g(k) + 2*y(k). Is t(-5) a prime number?
True
Suppose -i + 1 + 3 = 0. Suppose z = i*z - 27. Suppose 5*p = 1 + z. Is p a prime number?
True
Suppose -n = -971 - 870. Is n a composite number?
True
Suppose 5*f + 38 = 3*r, -6*r + 9*r = 2*f + 26. Suppose r*u - 124 = 2*u. Is u a prime number?
True
Let b(i) = -i**2 - 8*i - 6. Let z = 21 + -29. Let q = z - -4. Is b(q) composite?
True
Is ((-2)/(-6))/(6/10314*3) a composite number?
False
Suppose -4*y + 3*y = -4*p + 2160, -y + 1627 = 3*p. Is p a prime number?
True
Is ((-6236)/(-6))/(30/45) composite?
False
Let f = 807 - -308. Is f prime?
False
Suppose 2*w = 2*v - 156, 0*w - 74 = -v - 3*w. Is v a prime number?
False
Suppose 0*f + 5*f - 1265 = 0. Is f prime?
False
Suppose 2*v + 5*d - 109 = 44, d = 5*v - 450. Is v a composite number?
False
Let a(t) = 2*t**2 + 10*t - 11. Let g = -22 - -14. Is a(g) composite?
False
Suppose 5*g + w = 5, -4*g - 4*w = 6 + 6. Suppose -g = -p + 4. Suppose 3*o - 4*l = 106 + 23, -2*l = -p. Is o a prime number?
True
Let s be -2*-479*3/6. Suppose 0 = -5*u + 766 + s. Suppose -13 - u = -2*x. Is x composite?
False
Suppose a = -2*l + 5*a - 330, 5*a = 3*l + 493. Let i = l + 240. Is i prime?
True
Let n(k) = 24*k**2 + 6*k - 7. Let b be n(6). Suppose 0*w = 5*z - 2*w - b, z + 2*w - 169 = 0. Is z prime?
False
Let w(j) be the third derivative of 1/24*j**4 + 7/120*j**6 + 0*j**3 + 0*j + 0 - 1/20*j**5 + 4*j**2. Is w(2) a prime number?
False
Let m(v) = -3861*v - 2. Is m(-1) a composite number?
True
Let i = -10 - -6. Let t be (732/8)/(3/i). Let o = t + 241. Is o composite?
True
Suppose 3*r = -2*r - 3*w + 156, 68 = 2*r + 4*w. Let l = r - -3. Is l prime?
False
Suppose 4*n = -4, -5*q - 5*n + 4*n - 1 = 0. Suppose -2*z - 5*x + 3*x + 46 = q, 8 = -4*x. Is z prime?
False
Suppose -4*y - 2*r - 32 = -4*r, 5*r = y + 17. Let h = y - -28. Let s = 52 - h. Is s composite?
False
Is 31/(0 - (-2)/26) a composite number?
True
Let y = 56 - -31. Is y a composite number?
True
Suppose 2*z = -f + 4, 0 = -4*z - z - f + 7. Let n(j) = -79*j**3 + 3*j**2 - 4. Let y(o) = -80*o**3 + 2*o**2 - 3. Let b(d) = 4*n(d) - 5*y(d). Is b(z) prime?
False
Suppose 0 = 2*o - 3*o + 3. Is (-262)/(-2)*(o - 2) composite?
False
Suppose 2*z - 170 = 236. Is z composite?
True
Let d(l) = l**2 + 5*l - 1. Let f be d(-5). Let q = f + -1. Is q/1 - -15 - -2 a prime number?
False
Let g(t) = 7*t - 25. Is g(5) composite?
True
Let x = -307 - -721. Suppose z - 3*l = 232, -2*z - 4*l + x = -0*l. Is z composite?
True
Let d(y) = -10*y**2 - y + 2. Let a be 6/9*(-5 + -1). Let o be d(a). Let z = o - -233. Is z composite?
False
Let f(m) = 63*m - 10. Is f(21) a composite number?
True
Suppose 0 = 4*t, -7*u - t + 138 = -4*u. Suppose -u = -n - n. Is n prime?
True
Suppose 4*r = -4*o - 0*o - 120, -r - 54 = -5*o. Is r*(3 + (-9)/2) prime?
False
Is 5/(30/(-28))*(-2826)/12 prime?
False
Suppose -3*j - 2*g = -0*j - 8795, g = 5*j - 14680. Is j a prime number?
False
Suppose 5*b - 5*m = -9 + 59, 0 = -5*b + 4*m + 46. Suppose 2 - b = -y. Suppose 0 = -3*f - 4*x + 113, -y*f - 5*x + 11 + 139 = 0. Is f prime?
False
Suppose -4 = -4*c + 2*d + 4, -5*c + d + 4 = 0. Suppose 0*n = 5*t + 5*n - 775, -t - 4*n + 158 = c. Suppose 5*s - 3*s = t. Is s a composite number?
True
Suppose 0 = 5*n - 0*n - 530. Is n a composite number?
True
Let g(r) = -r**3 + r**2 - 1. Let f(o) = 6*o**3 - 13*o**2 + 9*o - 4. Let i(z) = -f(z) - 5*g(z). Let b be i(7). Is 1/b + (-2864)/(-20) a prime number?
False
Is 0/(77/7) - -521*1 a prime number?
True
Let i = -6 + 9. Let p be i*2/12*0. Suppose p*k + k = 5*l - 54, -3*l - 5*k = -38. Is l prime?
True
Let m(n) = -11*n - 15. Let f be m(-8). Let d be (-2)/((-1)/((-35)/(-2))). Let k = f - d. Is k a composite number?
True
Let l = 227 - 142. Is l a prime number?
False
Let y(c) = c**2 - 8*c + 7. Let x be y(5). Let p be 3/(-12) + 422/x. Let w = 92 + p. Is w a prime number?
False
Let z = -692 - -1023. Is z composite?
False
Is -3 + (-452)/(-4) + 1 a composite number?
True
Let h(p) = 321*p**3 - p**2 - 2*p + 3. Is h(1) prime?
False
Suppose -3*g = -14 + 8. Suppose i - 249 = -g*i. Is i composite?
False
Suppose 4*a + 2*p - 22 = -332, -4*p + 55 = -a. Let c = a - -54. Let f = 36 + c. Is f a composite number?
True
Let u(c) = -c**3 + 5*c**2 + 8*c - 8. Let g be u(6). Let s be (10/(-4))/(-5)*g. Suppose s*d + 3 - 11 = 0, 0 = 2*q - 3*d - 226. Is q a composite number?
True
Let y(c) be the third derivative of 2*c**2 + c**3 - 7/24*c**4 + 0*c - 1/20*c**5 + 1/120*c**6 + 0. Is y(5) a prime number?
False
Let d = 205 + -108. Is d prime?
True
Suppose q - 4*y = 128, 2*q + 31 = 2*y + 275. Let r = q - -59. Is r a prime number?
True
Let b = -23 + 25. Suppose -3*q = 0, -l + 249 = b*l + q. Is l composite?
False
Suppose 4*r - 12 = r. Is (-14)/r*-26 + -2 composite?
False
Suppose -17*a + 49070 = -3*a. Is a a prime number?
False
Let h = 527 + -776. Is (6/(-9))/(2/h) prime?
True
Suppose -s + 8 = -w, -5*w = -6*s + 2*s + 34. Suppose o + 941 = s*o + 2*z, 0 = -5*o - z + 938. Is o a composite number?
True
Let q(p) = 47*p**2 - 8*p - 7. Is q(-6) prime?
True
Let m(h) = -222*h + 59. Is m(-15) composite?
False
Suppose -201 = -2*f + 97. Is f a composite number?
False
Let j(x) = 3*x**2 - 3*x + 8. Let d be j(-6). Let w(m) = 338*m - 1. Let h be w(1). Let g = h - d. Is g a prime number?
False
Let t = 6 - 3. Suppose -q + 4*s + 0 = -31, -t*q + 51 = 2*s. Is q a prime number?
True
Suppose 4*f = -0*f. Suppose 5*s - 147 = -2*u, f*s + 3*u - 81 = -3